he hundreds digit of 14863?
8
What is the thousands digit of 2780?
2
What is the hundreds digit of 5864?
8
What is the hundreds digit of 11799?
7
What is the units digit of 3398?
8
What is the units digit of 33346?
6
What is the tens digit of 18225?
2
What is the tens digit of 2016?
1
What is the ten thousands digit of 139737?
3
What is the units digit of 1802?
2
What is the hundreds digit of 16817?
8
What is the hundreds digit of 128?
1
What is the units digit of 164?
4
What is the units digit of 20181?
1
What is the thousands digit of 21946?
1
What is the tens digit of 110?
1
What is the hundreds digit of 269?
2
What is the tens digit of 932?
3
What is the units digit of 7827?
7
What is the hundreds digit of 930?
9
What is the thousands digit of 2007?
2
What is the tens digit of 92903?
0
What is the tens digit of 41987?
8
What is the thousands digit of 163785?
3
What is the units digit of 22323?
3
What is the thousands digit of 32579?
2
What is the tens digit of 3510?
1
What is the tens digit of 54582?
8
What is the thousands digit of 13522?
3
What is the units digit of 4248?
8
What is the hundreds digit of 696?
6
What is the tens digit of 3646?
4
What is the hundreds digit of 9839?
8
What is the units digit of 322?
2
What is the units digit of 72372?
2
What is the thousands digit of 8499?
8
What is the tens digit of 99570?
7
What is the units digit of 5691?
1
What is the tens digit of 10533?
3
What is the tens digit of 16778?
7
What is the units digit of 1342?
2
What is the units digit of 826?
6
What is the units digit of 95884?
4
What is the hundreds digit of 8291?
2
What is the thousands digit of 2454?
2
What is the tens digit of 3165?
6
What is the hundreds digit of 20292?
2
What is the ten thousands digit of 13970?
1
What is the hundreds digit of 4392?
3
What is the hundreds digit of 668?
6
What is the tens digit of 232?
3
What is the thousands digit of 5999?
5
What is the units digit of 163392?
2
What is the ten thousands digit of 36349?
3
What is the hundreds digit of 48390?
3
What is the tens digit of 13452?
5
What is the thousands digit of 1407?
1
What is the hundreds digit of 586?
5
What is the thousands digit of 3083?
3
What is the ten thousands digit of 36925?
3
What is the thousands digit of 5296?
5
What is the units digit of 7068?
8
What is the thousands digit of 16839?
6
What is the tens digit of 15613?
1
What is the tens digit of 178710?
1
What is the tens digit of 10977?
7
What is the hundreds digit of 34122?
1
What is the hundreds digit of 5195?
1
What is the tens digit of 41?
4
What is the ten thousands digit of 29604?
2
What is the units digit of 1327?
7
What is the thousands digit of 25793?
5
What is the units digit of 23148?
8
What is the units digit of 847?
7
What is the ten thousands digit of 60834?
6
What is the units digit of 232?
2
What is the ten thousands digit of 29349?
2
What is the ten thousands digit of 79202?
7
What is the thousands digit of 38653?
8
What is the hundreds digit of 1636?
6
What is the hundreds digit of 3770?
7
What is the hundreds digit of 67283?
2
What is the ten thousands digit of 15783?
1
What is the thousands digit of 130658?
0
What is the tens digit of 437?
3
What is the hundred thousands digit of 112236?
1
What is the hundreds digit of 13699?
6
What is the tens digit of 805?
0
What is the units digit of 6675?
5
What is the hundreds digit of 3002?
0
What is the hundreds digit of 2499?
4
What is the tens digit of 62241?
4
What is the tens digit of 5010?
1
What is the tens digit of 602?
0
What is the thousands digit of 205883?
5
What is the hundreds digit of 21628?
6
What is the tens digit of 6460?
6
What is the thousands digit of 1036?
1
What is the hundreds digit of 404?
4
What is the thousands digit of 3562?
3
What is the thousands digit of 2600?
2
What is the units digit of 73617?
7
What is the thousands digit of 3186?
3
What is the ten thousands digit of 15122?
1
What is the thousands digit of 3087?
3
What is the hundreds digit of 2005?
0
What is the thousands digit of 4361?
4
What is the thousands digit of 101873?
1
What is the hundreds digit of 117540?
5
What is the units digit of 905?
5
What is the tens digit of 162457?
5
What is the hundreds digit of 38738?
7
What is the units digit of 1447?
7
What is the tens digit of 11459?
5
What is the units digit of 10771?
1
What is the units digit of 19692?
2
What is the tens digit of 930?
3
What is the units digit of 334?
4
What is the thousands digit of 2677?
2
What is the units digit of 423?
3
What is the ten thousands digit of 137006?
3
What is the units digit of 18998?
8
What is the tens digit of 33828?
2
What is the units digit of 29739?
9
What is the tens digit of 20577?
7
What is the hundreds digit of 118071?
0
What is the hundreds digit of 65658?
6
What is the hundreds digit of 47529?
5
What is the thousands digit of 1653?
1
What is the tens digit of 5909?
0
What is the tens digit of 93?
9
What is the thousands digit of 11497?
1
What is the hundreds digit of 8906?
9
What is the ten thousands digit of 16341?
1
What is the units digit of 558?
8
What is the thousands digit of 136152?
6
What is the hundreds digit of 200?
2
What is the tens digit of 56221?
2
What is the tens digit of 595?
9
What is the tens digit of 56431?
3
What is the units digit of 48431?
1
What is the thousands digit of 42402?
2
What is the tens digit of 23853?
5
What is the tens digit of 5602?
0
What is the tens digit of 86869?
6
What is the thousands digit of 3631?
3
What is the hundreds digit of 6788?
7
What is the units digit of 490?
0
What is the thousands digit of 9029?
9
What is the ten thousands digit of 39962?
3
What is the units digit of 24523?
3
What is the units digit of 126263?
3
What is the tens digit of 4842?
4
What is the ten thousands digit of 12146?
1
What is the thousands digit of 5615?
5
What is the hundreds digit of 730?
7
What is the hundreds digit of 325?
3
What is the ten thousands digit of 24411?
2
What is the hundreds digit of 2286?
2
What is the thousands digit of 1041?
1
What is the thousands digit of 1178?
1
What is the thousands digit of 29303?
9
What is the hundreds digit of 3273?
2
What is the tens digit of 34240?
4
What is the tens digit of 109?
0
What is the thousands digit of 2775?
2
What is the hundreds digit of 3429?
4
What is the hundreds digit of 1099?
0
What is the thousands digit of 6858?
6
What is the hundreds digit of 27605?
6
What is the tens digit of 5074?
7
What is the thousands digit of 24121?
4
What is the units digit of 1888?
8
What is the ten thousands digit of 102276?
0
What is the units digit of 52163?
3
What is the tens digit of 1968?
6
What is the ten thousands digit of 26808?
2
What is the tens digit of 7545?
4
What is the units digit of 524?
4
What is the units digit of 7607?
7
What is the hundreds digit of 135?
1
What is the hundreds digit of 494?
4
What is the tens digit of 53628?
2
What is the tens digit of 717?
1
What is the units digit of 7342?
2
What is the thousands digit of 1882?
1
What is the tens digit of 1946?
4
What is the tens digit of 2038?
3
What is the hundreds digit of 12846?
8
What is the tens digit of 6683?
8
What is the tens digit of 969?
6
What is the thousands digit of 74756?
4
What is the hundreds digit of 2604?
6
What is the tens digit of 1971?
7
What is the tens digit of 803?
0
What is the thousands digit of 5380?
5
What is the tens digit of 9317?
1
What is the hundreds digit of 66248?
2
What is the hundred thousands digit of 157980?
1
What is the hundreds digit of 666?
6
What is the tens digit of 208?
0
What is the thousands digit of 11988?
1
What is the hundreds digit of 60787?
7
What is the units digit of 323?
3
What is the tens digit of 7667?
6
What is the hundreds digit of 2049?
0
What is the units digit of 638?
8
What is the ten thousands digit of 158615?
5
What is the tens digit of 807?
0
What is the hundreds digit of 1784?
7
What is the tens digit of 21033?
3
What is the units digit of 51411?
1
What is the thousands digit of 11180?
1
What is the thousands digit of 88181?
8
What is the units digit of 6510?
0
What is the hundreds digit of 543?
5
What is the tens digit of 4873?
7
What is the thousands digit of 3596?
3
What is the hundreds digit of 3598?
5
What is the ten thousan